
Does 38 divide 1064?
True
Is 26 a factor of 286?
True
Is 3 a factor of 12845?
False
Does 9 divide 1197?
True
Is 13580 a multiple of 140?
True
Is 442 a multiple of 17?
True
Does 9 divide 3072?
False
Does 90 divide 87566?
False
Is 11 a factor of 40014?
False
Is 1546 a multiple of 7?
False
Is 13 a factor of 39?
True
Does 16 divide 45091?
False
Does 10 divide 142700?
True
Does 15 divide 2445?
True
Does 40 divide 4240?
True
Is 17 a factor of 337?
False
Is 97 a factor of 13768?
False
Is 12 a factor of 4857?
False
Is 9900 a multiple of 18?
True
Is 84 a factor of 54432?
True
Does 91 divide 1002?
False
Does 10 divide 330?
True
Is 29 a factor of 1131?
True
Does 74 divide 12492?
False
Does 3 divide 1176?
True
Is 18 a factor of 265?
False
Does 36 divide 608?
False
Is 25 a factor of 355?
False
Does 15 divide 230?
False
Is 897 a multiple of 18?
False
Is 39 a multiple of 23?
False
Does 100 divide 22996?
False
Is 990 a multiple of 15?
True
Is 11081 a multiple of 8?
False
Does 37 divide 29969?
False
Is 14 a factor of 6146?
True
Is 10 a factor of 400?
True
Is 352 a multiple of 63?
False
Does 12 divide 136?
False
Is 127 a factor of 21959?
False
Is 1860 a multiple of 30?
True
Is 2600 a multiple of 5?
True
Is 4 a factor of 54?
False
Is 28 a factor of 1036?
True
Is 29 a factor of 82453?
False
Does 13 divide 604?
False
Does 19 divide 559?
False
Is 1235 a multiple of 19?
True
Does 6 divide 4615?
False
Is 986 a multiple of 74?
False
Is 328 a multiple of 11?
False
Is 483 a multiple of 5?
False
Is 34118 a multiple of 296?
False
Is 19724 a multiple of 13?
False
Is 17 a factor of 195?
False
Does 29 divide 2045?
False
Is 391 a multiple of 12?
False
Is 15 a factor of 1680?
True
Is 47545 a multiple of 9?
False
Does 3 divide 227?
False
Is 8911 a multiple of 7?
True
Does 17 divide 901?
True
Does 27 divide 2166?
False
Is 112442 a multiple of 22?
True
Does 50 divide 4600?
True
Does 15 divide 2490?
True
Is 14183 a multiple of 60?
False
Does 16 divide 5107?
False
Is 153 a factor of 9585?
False
Is 3840 a multiple of 15?
True
Does 204 divide 6494?
False
Is 551 a multiple of 19?
True
Is 52667 a multiple of 28?
False
Is 520 a multiple of 104?
True
Is 4 a factor of 34995?
False
Is 23 a factor of 230?
True
Is 470 a multiple of 5?
True
Is 9 a factor of 315?
True
Does 44 divide 7260?
True
Does 33 divide 57932?
False
Does 16 divide 883?
False
Is 20 a factor of 4460?
True
Is 18490 a multiple of 18?
False
Is 47310 a multiple of 38?
True
Is 5928 a multiple of 12?
True
Is 9 a factor of 1224?
True
Does 13 divide 10060?
False
Is 79 a factor of 1817?
True
Is 18 a factor of 3816?
True
Is 8 a factor of 1503?
False
Is 89 a factor of 1557?
False
Does 10 divide 830?
True
Is 3 a factor of 12150?
True
Is 1354 a multiple of 12?
False
Does 8 divide 3674?
False
Is 132 a factor of 2508?
True
Is 98 a factor of 196?
True
Is 18981 a multiple of 19?
True
Is 64 a factor of 3783?
False
Is 12582 a multiple of 54?
True
Is 2328 a multiple of 24?
True
Does 6 divide 4014?
True
Is 119 a factor of 21539?
True
Does 32 divide 711?
False
Is 15 a factor of 3090?
True
Is 3 a factor of 78?
True
Is 67 a factor of 1407?
True
Is 1906 a multiple of 87?
False
Is 880 a multiple of 16?
True
Does 54 divide 7576?
False
Does 6 divide 312?
True
Is 1932 a multiple of 46?
True
Is 4234 a multiple of 146?
True
Is 15 a factor of 1680?
True
Is 3966 a multiple of 250?
False
Is 45 a multiple of 4?
False
Is 65 a factor of 1176?
False
Is 990 a multiple of 22?
True
Is 151 a factor of 79426?
True
Is 16617 a multiple of 211?
False
Is 46 a factor of 611?
False
Is 4367 a multiple of 14?
False
Is 4 a factor of 1168?
True
Does 15 divide 4099?
False
Is 143 a factor of 18447?
True
Is 27 a factor of 2685?
False
Does 12 divide 192?
True
Does 56 divide 9128?
True
Is 21 a factor of 14657?
False
Does 204 divide 11016?
True
Is 11 a factor of 21765?
False
Is 9 a factor of 1026?
True
Does 48 divide 2053?
False
Is 29 a factor of 324?
False
Is 85 a factor of 27765?
False
Does 8 divide 9864?
True
Does 12 divide 220?
False
Is 288 a multiple of 12?
True
Is 25872 a multiple of 49?
True
Does 17 divide 459?
True
Is 220 a multiple of 5?
True
Is 419 a multiple of 30?
False
Is 2736 a multiple of 144?
True
Does 18 divide 2056?
False
Does 28 divide 1945?
False
Is 60 a factor of 11700?
True
Does 278 divide 20337?
False
Is 7 a factor of 9564?
False
Is 14 a factor of 976?
False
Is 5 a factor of 2890?
True
Is 311 a multiple of 29?
False
Is 6 a factor of 216?
True
Does 36 divide 33896?
False
Is 20 a factor of 10140?
True
Is 9 a factor of 20181?
False
Is 7344 a multiple of 16?
True
Is 4 a factor of 118?
False
Does 10 divide 15549?
False
Does 9 divide 729?
True
Is 53 a factor of 36040?
True
Does 7 divide 1317?
False
Is 217 even?
False
Does 11 divide 1640?
False
Does 50 divide 1705?
False
Is 14 a factor of 1875?
False
Does 7 divide 280?
True
Does 32 divide 1984?
True
Does 55 divide 1375?
True
Is 7759 a multiple of 95?
False
Is 704 a multiple of 22?
True
Is 23 a factor of 115?
True
Does 46 divide 2070?
True
Is 8 a factor of 59?
False
Does 54 divide 40091?
False
Is 8 a factor of 1469?
False
Is 17135 a multiple of 79?
False
Is 473 a multiple of 11?
True
Is 136 a factor of 408?
True
Is 12 a factor of 853?
False
Is 1845 a multiple of 45?
True
Does 64 divide 3840?
True
Is 27 a factor of 1782?
True
Does 3 divide 833?
False
Is 84 a factor of 2397?
False
Is 1680 a multiple of 22?
False
Is 66 a factor of 118914?
False
Does 53 divide 4863?
False
Is 13 a factor of 117?
True
Does 37 divide 4550?
False
Is 1144 a multiple of 22?
True
Is 64 a multiple of 4?
True
Is 2151 a multiple of 66?
False
Does 16 divide 3696?
True
Is 52364 a multiple of 13?
True
Is 320 a multiple of 71?
False
Does 9 divide 549?
True
Is 3292 a multiple of 51?
False
Is 30 a factor of 4708?
False
Is 44869 a multiple of 11?
True
Is 5814 a multiple of 114?
True
Is 3516 a multiple of 97?
False
Does 235 divide 61570?
True
Is 2162 a multiple of 46?
True
Is 56 a factor of 4667?
False
Is 21 a factor of 26019?
True
Is 13 a factor of 2309?
False
Does 60 divide 1995?
False
Is 2670 a multiple of 15?
True
Is 471 a multiple of 35?
False
Is 129 a factor of 7495?
False
Is 22 a factor of 18920?
True
Does 30 divide 300?
True
Is 15 a factor of 12720?
True
Is 637 a multiple of 78?
False
Is 12321 a multiple of 3?
True
Is 37 a factor of 349?
False
Is 282 a multiple of 23?
False
Does 134 divide 80132?
True
Is 4 a factor of 8126?
False
Does 29 divide 25744?
False
Is 2833 a multiple of 15?
False
Is 11 a multiple of 7?
False
Does 31 divide 3937?
True
Is 27 a factor of 127795?
False
Is 20116 a multiple of 107?
True
Does 9 divide 1637?
False
Does 38 divide 493?
False
Is 1369 a multiple of 2?
False
Is 648 a multiple of 4?
True
Does 75 divide 6300?
True
Is 190 a factor of 24130?
True
Is 462 a multiple of 14?
True
Does 26 divide 21700?
False
Is 27 a factor of 2272?
False
Does 32 divide 1984?
True
Is 220 a factor of 58294?
False
Is 14 a factor of 966?
True
Is 456 a multiple of 11?
False
Is 15 a factor of 4140?
True
Is 58 a factor of 1090?
False
Is 261 a multiple of 9?
True
Is 775 a multiple of 31?
True
Is 3822 a multiple of 26?
True
Is 11688 a multiple of 104?
False
Is 305 a multiple of 3?
False
Does 39 divide 1404?
True
Is 56 a multiple of 14?
True
Does 7 divide 25459?
True
Is 1659 a multiple of 79?
True
Is 441 a multiple of 9?
True
Is 15278 a multiple of 9?
False
Is 472 a multiple of 35?
False
Is 115 a factor of 21275?
True
Does 62 divide 8346?
False
Does 21 divide 490?
False
Does 54 divide 13446?
True
Is 34 a factor of 2398?
False
Is 2 a factor of 198?
True
Is 20034 a multiple of 53?
True
Is 1060 a multiple of 10?
True
Is 12 a factor of 213?
False
Is 31960 a multiple of 20?
True
Is 13 a factor of 1271?
False
Does 10 divide 10030?
True
Is 130 a factor of 259?
False
Is 35902 a multiple of 214?
False
Is 413 a multiple of 7?
True
Does 52 divide 5928?
True
Is 28302 a multiple of 178?
True
Is 37837 a multiple of 123?
False
Is 10 a factor of 9780?
True
Is 288 a multiple of 9?
True
Does 18 divide 1176?
False
Is 14 a factor of 844?
False
Is 89 a factor of 534?
True
Does 114 divide 5440?
False
Is 51 a factor of 5183?
False
Is 2112 a multiple of 32?
True
Does 40 divide 102467?
False
Is 28 a factor of 19388?
False
Does 7 divide 11340?
True
Does 14 divide 573?
Fals